 is the highest common factor of 119296007 and 503?
503
What is the highest common factor of 1694245771 and 158?
79
What is the greatest common divisor of 264 and 10367412?
132
Calculate the highest common factor of 751318 and 828.
46
Calculate the highest common divisor of 30 and 1141109985.
15
Calculate the highest common factor of 387 and 105729.
3
Calculate the greatest common divisor of 447182606 and 4784.
598
What is the highest common factor of 1083000 and 23275?
475
Calculate the highest common factor of 13508380 and 1460.
20
What is the greatest common factor of 5599384 and 1176?
56
What is the highest common factor of 1827 and 22774773?
609
What is the greatest common divisor of 62565 and 953955?
645
What is the greatest common factor of 11564056 and 728?
56
Calculate the highest common divisor of 38668536 and 1104.
24
What is the highest common divisor of 324 and 897029136?
36
What is the greatest common factor of 1425231945 and 45?
45
What is the greatest common factor of 225 and 6915015?
45
What is the highest common factor of 185 and 5896061?
37
What is the greatest common factor of 6664 and 123714304?
952
Calculate the greatest common factor of 7966582 and 26.
26
Calculate the greatest common divisor of 2515 and 99802242.
503
Calculate the highest common factor of 49036 and 176177.
41
Calculate the greatest common divisor of 115946985 and 420.
105
What is the highest common factor of 617768 and 32012?
212
What is the greatest common divisor of 25 and 335491025?
25
What is the greatest common divisor of 3232 and 401980?
404
What is the greatest common divisor of 33 and 75365345?
11
Calculate the highest common divisor of 58472496 and 2016.
144
Calculate the greatest common factor of 561152 and 10399744.
4096
Calculate the highest common divisor of 181251114 and 132.
66
Calculate the greatest common factor of 18 and 44829408.
6
Calculate the greatest common divisor of 285342 and 41458.
38
What is the greatest common factor of 173088023 and 1268?
317
What is the highest common factor of 32 and 580855504?
16
Calculate the greatest common factor of 74878958 and 98.
98
What is the highest common factor of 796672 and 24?
8
What is the greatest common divisor of 21472 and 942656?
352
Calculate the greatest common divisor of 131709360 and 1873.
1873
Calculate the greatest common divisor of 1437845 and 130985.
115
What is the highest common factor of 162000745 and 15?
5
What is the highest common divisor of 28710 and 200535?
435
What is the highest common divisor of 3937007 and 3281?
193
Calculate the greatest common factor of 27692 and 371588.
644
What is the greatest common divisor of 3292570 and 20?
10
Calculate the greatest common factor of 10343873 and 179.
179
What is the highest common factor of 589696 and 51680?
544
Calculate the highest common divisor of 1437243 and 9.
3
What is the highest common divisor of 161048 and 52425052?
1964
Calculate the highest common divisor of 104 and 5133050.
26
Calculate the highest common divisor of 3522987 and 845.
13
What is the highest common divisor of 62928814 and 52?
26
What is the greatest common factor of 36 and 1161564?
12
Calculate the highest common factor of 1558 and 24397824.
38
What is the highest common factor of 21075789 and 21?
21
Calculate the greatest common factor of 134863520 and 320.
160
What is the greatest common factor of 49351170 and 85?
85
What is the greatest common divisor of 2815676 and 1598?
1598
What is the highest common factor of 4121494 and 286?
26
What is the highest common factor of 295800 and 50204400?
10200
Calculate the greatest common factor of 309333 and 83226.
291
Calculate the highest common factor of 144180 and 18885.
15
What is the highest common divisor of 3689462 and 224?
14
What is the highest common divisor of 44 and 3859724?
44
What is the highest common factor of 1569038 and 40750?
326
Calculate the greatest common factor of 174276 and 613674.
1854
What is the highest common divisor of 3992932 and 207001?
317
Calculate the highest common divisor of 1777116 and 396.
132
What is the highest common divisor of 4884 and 42846?
222
Calculate the greatest common divisor of 2160 and 171520.
80
What is the greatest common divisor of 712034 and 253?
23
What is the greatest common factor of 195889 and 244595?
71
Calculate the highest common divisor of 52800 and 6078.
6
Calculate the greatest common divisor of 10646943 and 16403.
349
What is the greatest common divisor of 109184 and 102016?
128
What is the highest common divisor of 805 and 33278595?
35
What is the greatest common factor of 232 and 567848?
8
Calculate the greatest common divisor of 54226092 and 1212.
1212
Calculate the highest common factor of 256025 and 136675.
1925
What is the greatest common divisor of 40 and 149734180?
20
What is the greatest common divisor of 1681688118 and 22?
22
What is the greatest common factor of 186285619 and 689?
689
Calculate the highest common factor of 1533 and 219562830.
219
What is the greatest common factor of 27 and 9402174?
9
What is the highest common divisor of 743840 and 387040?
160
Calculate the greatest common factor of 66337390 and 12040.
3010
Calculate the greatest common factor of 514101678 and 5682.
5682
Calculate the greatest common divisor of 752059 and 43505.
77
What is the highest common divisor of 5303406 and 2502?
834
What is the greatest common divisor of 49195611 and 18?
9
Calculate the highest common divisor of 19260 and 26898516.
3852
Calculate the highest common factor of 2702 and 47698.
14
What is the greatest common divisor of 226 and 117156931?
113
What is the greatest common factor of 635800 and 1848?
88
What is the highest common factor of 4794 and 3845587?
799
Calculate the highest common factor of 5703540828 and 8556.
8556
Calculate the highest common factor of 29790 and 2803320.
90
What is the greatest common divisor of 3763910 and 29?
29
Calculate the highest common divisor of 33734 and 2099386.
202
Calculate the highest common divisor of 2160860 and 4.
4
Calculate the greatest common factor of 1280 and 650710.
10
What is the greatest common divisor of 18256241 and 1736?
31
Calculate the highest common factor of 113090 and 8706878.
526
What is the highest common factor of 42723440 and 160?
80
Calculate the highest common divisor of 2019153825 and 135.
135
Calculate the highest common factor of 75125680 and 16.
16
What is the greatest common divisor of 168831 and 73346?
169
What is the highest common divisor of 135 and 20139813?
27
What is the greatest common divisor of 25228119 and 6783?
357
Calculate the greatest common divisor of 13085240 and 52360.
4760
What is the highest common factor of 42 and 46879364?
14
What is the greatest common divisor of 30545 and 2757455?
205
Calculate the highest common divisor of 792 and 167294424.
264
Calculate the greatest common divisor of 25842159 and 70805.
833
What is the greatest common divisor of 98 and 1741964?
14
Calculate the greatest common factor of 1959688 and 40240.
4024
What is the highest common divisor of 4557173 and 85?
17
Calculate the highest common factor of 785247 and 7030911.
4539
Calculate the highest common factor of 13 and 13900471.
13
What is the highest common factor of 341460 and 59220?
1260
What is the greatest common factor of 104851813 and 121?
11
Calculate the greatest common divisor of 45837 and 1947378.
1389
Calculate the highest common factor of 13923104 and 728.
104
Calculate the greatest common divisor of 17527335 and 15.
15
What is the highest common factor of 133783 and 19357?
13
Calculate the greatest common divisor of 26 and 25281178.
26
What is the highest common factor of 4321 and 6376752?
29
What is the greatest common divisor of 33 and 8311886?
11
What is the highest common factor of 14198 and 15872?
62
Calculate the highest common factor of 70063 and 385.
7
Calculate the greatest common factor of 3919815 and 765.
45
What is the greatest common divisor of 120265 and 208220?
1795
Calculate the greatest common divisor of 352889 and 72135.
229
What is the greatest common divisor of 52570092 and 96?
12
Calculate the greatest common divisor of 250705 and 2660.
665
Calculate the highest common factor of 704 and 1586051104.
352
Calculate the highest c